composite number?
True
Let d = 3 + 1. Suppose x - 36 = -3*x + g, 0 = -g - d. Suppose -249 = -x*v + 5*v. Is v prime?
True
Let k be 15/7 + (-9)/63. Suppose -5*j + 30870 = k*j. Suppose 2*f = -2*b + j, -5*f + 2*b + 11062 - 51 = 0. Is f a composite number?
False
Suppose 27418209 + 157874980 = 145*t - 97220316. Is t composite?
False
Let p = -2 + 5. Let l(x) = 108*x - 15. Let i(s) = -37*s + 4. Let m(r) = -7*i(r) - 2*l(r). Is m(p) a composite number?
False
Let j be -92*((-6)/21 + 879/(-84)). Let n = j - 612. Is n a composite number?
True
Suppose 12*l - 14819942 = -27*l - 43*l. Is l prime?
True
Is (25 + -12 - 53730)/(2/(-2 + 0)) composite?
False
Let x = -189 - -97. Let u = 799 + x. Is u a composite number?
True
Suppose -63*d + 62*d - 47048 = -y, 0 = -5*d + 25. Is y a prime number?
False
Suppose c - 3*d = 108982, 16*d - 436026 = -4*c + 14*d. Is c a composite number?
True
Let m = 103 + -99. Suppose 0 = -m*w - n - 2965, 8*w = 6*w + 4*n - 1460. Let x = 1039 + w. Is x a composite number?
True
Suppose 14*r - 176552 = 86130. Is r composite?
True
Suppose 122*o - 20453527 - 52501375 = 0. Is o prime?
False
Let b(g) = 74*g**3 - 38*g**2 - 16*g - 73. Is b(11) composite?
True
Let a(u) = -83*u - 20*u**2 - 73*u - 10 + 153*u. Let y be a(-2). Is 65595/7 - 24/y a prime number?
True
Suppose -4*j + 28 = 0, -s + 1135555 = -22*j + 16*j. Is s a prime number?
True
Suppose 0 = 2*l + 4*h - 378002, -37*h + 35*h = -14*l + 2645744. Is l a composite number?
False
Let z(d) = 11 - 4*d - 5*d + 14*d - 4*d. Let x be z(-7). Suppose 0 = x*n + 4*v - 39968 + 12992, -4*v = -n + 6739. Is n prime?
False
Let c(s) be the second derivative of 2*s - 1/6*s**4 + s**5 + 1/2*s**3 + 0 - 3/2*s**2. Is c(4) prime?
False
Let z be 180/28 + 39/(-91). Suppose 14463 + 2091 = z*v. Is v composite?
True
Suppose -123*g = -130*g - 5670. Let s = g + 6587. Is s prime?
False
Suppose -w - 1 = 0, -h + 291329 = -16*w + 18*w. Is h composite?
False
Suppose 59*v + 192 = 841. Let t(m) = m. Let i(o) = 9*o**2 - 25*o + 1. Let b(c) = i(c) + 4*t(c). Is b(v) a prime number?
True
Suppose 5*y + 55737 = 2*t - 564, 2*y - 4*t + 22530 = 0. Let k(w) = w**2 + 29*w + 75. Let q be k(-23). Is y/q - (-4)/14 prime?
True
Let h be 20/10*(-3)/(3/(-2)). Suppose -6*v = -4*f - 2*v + 28, -h*f + 3*v = -25. Suppose 5*i - 3*i - 8 = 0, f*g - 5*i - 216 = 0. Is g a composite number?
False
Suppose 109844 = 2*z + 2*q, 54*z + 109841 = 56*z + q. Is z a prime number?
True
Suppose 3*m + i = -16, 19*i + 32 = -m + 24*i. Let l(n) = -52*n**3 - 8*n**2 - n - 34. Is l(m) a composite number?
False
Let c = 388 + -383. Suppose 0 = 5*v - c*q - 1780, v + 9*q - 347 = 7*q. Is v prime?
True
Suppose -4*m = -a - 54268, 3*m - 25*a = -21*a + 40701. Is m composite?
False
Suppose 12 = -7*m + 10*m. Suppose -m*c + 18301 + 10823 = 0. Suppose a = -8*a + c. Is a a composite number?
False
Let v be (-23)/(-7) + 6/(-21). Let n = 1004 + -871. Suppose -v*s = -314 - n. Is s a composite number?
False
Let f be (-3)/9*(182990 + -2 + 3). Let v = -32614 - f. Is v a prime number?
False
Let w(h) = 12. Let m(z) = -5. Let f(b) = 7*m(b) + 3*w(b). Let a(j) = 3*j**2 + 8*j + 9. Let p(g) = a(g) + 5*f(g). Is p(-6) prime?
False
Suppose 4*z + z - 5345 = 0. Let t(y) = -y**3 + 7*y**2 + y - 34. Let s be t(10). Let n = s + z. Is n prime?
False
Suppose -31*p = p + 35*p - 26334953. Is p a composite number?
False
Suppose 4 = 3*s - 4*p, -s + 3*p = -2*p + 6. Suppose -3*q + 8*q = 0. Is q + -2 + 239 - s/(-2) composite?
False
Let v(b) = 0 + 65 - 3 + 178*b + 185*b. Is v(3) a composite number?
False
Suppose -3*m + 2*u = 3*u - 8, -u = -m. Suppose 5*q - 18392 = -g, 9 = -g - m*g. Let t = q - 2312. Is t a composite number?
False
Let m = -26 + 29. Let c be m/(-7) + 20/14. Is -1*(4 + (0 - 678) + c) composite?
False
Suppose 0 = -9*j + 60725 + 8602. Let m = j - 4692. Is m composite?
False
Let h(f) = -9*f + 296. Let t be h(32). Suppose 16136 = s - 3*x, -s + 6*x - t*x = -16151. Is s a prime number?
False
Let w(i) = -5*i - 103. Let u be w(-22). Suppose -u*q = -16165 - 43048. Is q prime?
False
Is 20272/(25/((-38175)/(-54))) + 1/(-9) prime?
True
Let g(c) = -12*c - 141. Let n be g(-12). Suppose 2*q - 85433 = 5*o, 3*q + 8995 = n*o + 137149. Is q a prime number?
True
Let u(m) be the third derivative of m**6/120 - 11*m**5/60 + 5*m**4/6 - 17*m**3/6 - 85*m**2 + 1. Is u(20) a composite number?
True
Let a be 617*(-2 - -2 - -7). Suppose 5*l - 21625 = 5*x, -17*x = -21*x + 4. Suppose -6*p = -3*k - 2*p + a, -3*p + l = 3*k. Is k prime?
False
Suppose 0 = u - 5*k - 1578250, 3*k = 501*u - 498*u - 4734666. Is u prime?
False
Let q(h) = 4*h - 4. Let a be q(1). Suppose o + 0*o + d + 7 = a, 2*o = 3*d - 4. Let f(m) = -5*m**3 + 5*m**2 + m. Is f(o) a prime number?
False
Let i(y) = -3*y - 4. Let r be i(-1). Let z be ((-1)/4*2)/(r/(-6)). Is (z - (1 + -3))/((-2)/6590) a prime number?
False
Suppose -18*w + 18509697 = 75*w. Is w a composite number?
True
Suppose 11*u + 15 = 16*u. Let v be (-3)/(12/(-16)) + 96/u. Is 2/(-3) - (-1284)/v a composite number?
True
Suppose -73*f - 19026 = -71*f. Let s = f - -20530. Is s prime?
False
Suppose -4*l - 10620 = 3136. Suppose 4*h + 3932 = 5*s + 34178, -2*s - 12105 = 5*h. Let n = l - s. Is n composite?
True
Let l = -198057 + 307454. Is l prime?
True
Is (218/436)/((-1)/(-110458)) a composite number?
False
Let k(n) = 32*n**3 + 2*n**2 + 13*n - 73. Is k(4) prime?
False
Let c = 44565 - 27308. Is c composite?
False
Suppose i = -5*k + 354816, -4*k + 23*i + 283857 = 28*i. Is k composite?
True
Let r = 138 + -134. Suppose r*f - 19 = -7. Suppose -5673 = -3*w + 5*y - 716, -3304 = -2*w + f*y. Is w a composite number?
True
Suppose 12*x - 170 = -98. Is (748460/30)/(x/9) a composite number?
False
Suppose 33 + 4 = 3*t - 4*g, -t - 5*g = 13. Suppose -t*v + 9*v + 12 = 0. Is (3421/2)/((-15)/v + -2) a prime number?
False
Suppose 5*f = -26*u + 28*u - 54, 0 = 4*u - f - 90. Suppose 19*z - u*z + 44985 = 0. Is z composite?
True
Is 2*(8 + 295566/12) composite?
False
Let m(w) = 15*w**2 - 10*w + 9. Suppose 8*n + 10 = 13*n. Suppose n*i - 5 = 11. Is m(i) a prime number?
False
Let x(z) = -3*z**2 + 769. Let l(p) = 7*p**2 - 1537. Let h(u) = 2*l(u) + 5*x(u). Suppose 2 = 26*j - 8*j + 2. Is h(j) a prime number?
False
Is 2/37 - (-3793443214)/10767 - (-4)/6 a prime number?
False
Suppose 560 = 8*z - 344. Suppose 0 = -111*s + z*s - 3314. Is s a prime number?
True
Suppose -4*z - 454914 = -3*m + 118275, 5*m - 955315 = -5*z. Is m a prime number?
False
Is 4 - ((-208364)/(-104))/((-2)/164) composite?
False
Suppose -3*l + 2*a + 201 = 0, 2*l - 5*l + 201 = a. Let r = 44 + l. Suppose 0 = -8*j + 5*j + r. Is j prime?
True
Is (3 - 10/3)/(1114136/(-61896) - -18) a prime number?
True
Let v(l) = l**2 - 13*l + 7. Let q be v(3). Let j(r) = r**3 + 28*r**2 + r - 31. Is j(q) a composite number?
False
Is ((-1)/6)/(38/(-50844)) a prime number?
True
Let j(a) = 5*a**3 + a**2 - 76*a - 23. Let m be j(7). Let x(g) = -812*g**3 + g - 1. Let d be x(1). Let u = d + m. Is u prime?
True
Let z = -4080 + 2279. Is (z/4)/(2/(-8)) composite?
False
Is (4/(20/(-4835)))/((-72)/(-15) + -5) a composite number?
True
Suppose 152*z - 23809833 = -181*z. Is z composite?
True
Is -10*23/115*(-2819)/2 prime?
True
Suppose -11 = 11*g + 33. Is (3 - 0) + (-7544)/g a composite number?
False
Is (-4448202)/(-220) + (2 - 21/10) a composite number?
False
Is -2*((-63)/36 + 2 + (-472535)/4) a prime number?
False
Suppose -22 = -7*f - 1. Suppose s = 3*n - f, -2*n - 3*s + 6 = -7. Suppose 8*p + 2*b = 5*p + 1395, n*b = -5*p + 2321. Is p composite?
False
Let r(h) = -h**2 - 6*h + 4. Let g be r(0). Suppose -g*k + 1589 = -14975. Is k composite?
True
Suppose 405 = -51*p + 54*p. Suppose p*a = 140*a - 58715. Is a a composite number?
False
Is (-4 - -1)/(8/(22976080/(-30))) a composite number?
True
Suppose -17*k = -13*k - 12. Suppose -5*t = -26 + 6. Suppose -u + 4*u - 279 = t*d, k*d + 282 = 3*u. Is u a prime number?
True
Suppose 3*p = -29 - 118. Let k = 56 + p. Let c(o) = 2*o**3 - 5*o**2 + 17*o - 7. Is c(k) a prime number?
False
Let f(a) = -210*a + 1994. Is f(8) prime?
False
Let f be (1 - -12)*(20 + -18). Suppose 0 = -f*s + 29*s - 1203. Suppose s = 2*d - 1181. Is d a composite number?
True
Let f be ((-5 - -7) + 1)/((-6)/(-12956)). Suppose -3*o + f = b + 465, 2*b - 12016 = -o. Is b a prime number?
True
Let a = 0 + 20. Let r be (-4)/2 + (18 - a